he remainder when w is divided by 7?
5
Suppose 90 = 6*d - 1674. What is the remainder when d is divided by 59?
58
What is the remainder when 24 is divided by 23 - (4/(-6))/((-22)/165)?
6
Suppose -9*o + 137 = -52. What is the remainder when 435 is divided by o?
15
Suppose -2*k - 137 = -5*y - 35, -2*k - 14 = -y. Suppose -4*n = -2*n - 12. What is the remainder when (y/(-8))/(9/(-72)) is divided by n?
4
Suppose 4*s - 133 = 2*u + 15, 2*u - 47 = -s. Calculate the remainder when s is divided by 14.
11
Let y be (-70)/(-30) - 2/6. Suppose x - 22 = -y*f, -4*f + 9 = 3*x - 47. What is the remainder when 143 is divided by x?
11
Suppose 1 = -a + 4. Suppose 2*w - 3 - a = 0. Let y = w + 6. What is the remainder when y is divided by 5?
4
Let y be (-14)/8 + 10/(-40). Let o be (95/10)/((-1)/(-2)). Calculate the remainder when 78 is divided by o + (-3)/(-1) + y.
18
Let x = 210 - 128. Calculate the remainder when x is divided by 28.
26
Suppose 5*w - 4*j = 20, -2*w + j = 2*w - 5. Let l(x) = x**2 - x + 11. Calculate the remainder when 41 is divided by l(w).
8
Let j = -7 - -26. Suppose 0 = -3*h + 3 + 12. Let g(t) = t**2 - 2*t - 10. Calculate the remainder when j is divided by g(h).
4
Let m(n) = -7*n - 6. Let l be m(-3). Suppose 8 = 3*g - w + 33, 3*g = 3*w - l. What is the remainder when 22 is divided by (-2 - -4 - g)*1?
10
Let g(o) = 12*o**2 - 352*o - 24. Calculate the remainder when g(30) is divided by 109.
107
Suppose 81*c - 82*c + 49 = 0. Calculate the remainder when 290 is divided by c.
45
Suppose -6*q - 70 = q. What is the remainder when 59 is divided by (-3 - 0 - -2)*q?
9
Let t(s) = s**3 - 6*s**2 - s + 8. Let g be t(6). What is the remainder when 0 - (2 + g + -29) is divided by (-1)/(5/(-35)) + 2?
7
Suppose -6*z + 3*z = -3*i - 9, 7 = z + 3*i. What is the remainder when (z - 6 - -3) + 183 is divided by 27?
22
Suppose -4*i + d = -16, -2*d + 0*d = 3*i - 12. Suppose -3*s - 128 = -4*a - 0*s, 3*a = -i*s + 96. Calculate the remainder when 125 is divided by a.
29
Let s(r) = r**2 - 19*r + 56. What is the remainder when 85 is divided by s(16)?
5
Suppose 7*g - 36 = 4*g. Let t(w) = w**3 - 11*w**2 - 12*w + 4. Let n be t(g). Let b = 16 + n. Calculate the remainder when 38 is divided by b.
18
Let z(c) = -c**3 + 7*c**2 + 18*c + 15. Let w be z(8). Let n = w - 54. Suppose -4*y + 6 + 54 = 0. Calculate the remainder when n is divided by y.
11
Suppose -6 = -q - 1. Suppose 12 + 3 = q*u. Suppose k + 24 = u*k. Calculate the remainder when k is divided by 7.
5
Let i(d) = 17*d + 188. What is the remainder when 287 is divided by i(-10)?
17
Suppose 3*l - 5*f = 435 + 395, l - f = 274. Let j = l + -142. Calculate the remainder when j is divided by 26.
24
Suppose -103*s + 99*s - 24 = 0. What is the remainder when 50 is divided by (0 - -6)*(2 + (-15)/s)?
23
Let r(b) = 4*b**2 - 8. Let n be r(5). Let g = n - 79. Calculate the remainder when 25 is divided by g.
12
Suppose -u + 70 = 5*b + 4*u, 5*b + 3*u - 70 = 0. What is the remainder when 94 is divided by b?
10
Let a be (4/(-6))/(2/3). Let z be 3 + a + 0 + 0. Suppose -3 - 33 = -z*r. Calculate the remainder when 52 is divided by r.
16
Let n(s) = s + 8. Let o be n(-4). Suppose 0 = -o*m + 47 + 61. Suppose -3*u + 4*r = -4*u + 119, 0 = 2*u + r - 217. What is the remainder when u is divided by m?
26
Let i be 6475/63 - 4/(-18). Let x = -65 + i. Calculate the remainder when x is divided by 12 - (-2 - (2 + -3)).
12
Let h = -592 + 744. What is the remainder when h is divided by 14?
12
Suppose -7 = -2*w - 3. Let o = 0 + w. Suppose 0 = -2*r + 4*s + 28, -5*r - 3*s - o*s + 10 = 0. Calculate the remainder when r is divided by 3.
0
Suppose -v - 6*y + 95 = -9*y, 4*v - 372 = 4*y. What is the remainder when v is divided by 29?
5
Suppose -2*r = 3*w - 19 + 5, r + 2*w - 8 = 0. Let h = -6 + 24. What is the remainder when h is divided by r?
2
Suppose -45 = -o - n, -42*o = -38*o - 5*n - 153. What is the remainder when o is divided by 15?
12
Calculate the remainder when 162 is divided by 4/(-18) + (-1600)/(-72) + -8.
8
Let j(p) be the second derivative of 37*p**5/20 + 7*p**3/6 - 7*p**2/2 - 16*p. Calculate the remainder when j(1) is divided by 19.
18
Let h(t) = 2*t**2 + 9*t**2 - 1 - 4*t**2. Suppose 0 = -s + 4, -s + 11 + 1 = 2*l. Calculate the remainder when h(1) is divided by l.
2
Let u = 60 + -36. Let j(v) = 18*v**2 + 10*v + 11. What is the remainder when j(-3) is divided by u?
23
Suppose 69 = -i + 797. Let b = 14 + 76. Calculate the remainder when b is divided by 1/4 + i/32.
21
Suppose -30 + 9 = -3*l. Let p = 107 + -67. Calculate the remainder when p is divided by l.
5
Suppose 3*r = 2*q - 20, -17 - 19 = -4*q + 5*r. Suppose 0 = 4*m + m - q*o + 102, -o = -4*m - 75. Let x = m - -33. Calculate the remainder when x is divided by 8.
7
Suppose 6 = 8*m - 18. Suppose m*o - 27 = o - v, -3*o + 43 = -v. What is the remainder when o is divided by 4?
2
Suppose -5*c = 5*i - 3*c + 16, 2*c = 2*i + 12. Calculate the remainder when (-238)/i + 4/8 is divided by 16.
12
Let m = 369 + -241. Calculate the remainder when m is divided by 3.
2
Let h(q) = -15*q + 2. Suppose 5*m = -2*p - 3 + 2, 2*m = -2*p + 2. Suppose 0*n + p*n = 34. What is the remainder when h(-2) is divided by n?
15
Suppose 11*k = 7*k - 4*w + 104, -3*k + 5*w = -78. Suppose -2*i - 3*s = i - 9, -2*i + s = -18. What is the remainder when k is divided by i?
5
Let f(h) = h**3 - 29*h**2 - 3*h + 118. Calculate the remainder when 48 is divided by f(29).
17
Let r(d) = 4*d + 86. What is the remainder when r(7) is divided by 35?
9
Let k be 1*102*(-4)/8. Let w = k + 92. What is the remainder when w is divided by 11?
8
Suppose -5*a + 11 = -14. Let q = 2 + 0. Suppose -q*l + 2*h = -2*h - 22, -a*h = 0. What is the remainder when l is divided by 8?
3
Suppose 3*m - 248 = 4*n, 4*m = -n + 392 - 93. Suppose 0 = 5*l - 16 + m. Calculate the remainder when 1062/l*(-4)/6 is divided by 15.
14
Let f = 70 + -13. Let v = f + -50. What is the remainder when 24 is divided by v?
3
Suppose 4*l + 3*o - 16 = 0, l - 4*o - 8 = -l. Suppose 4*t + c = -0*t + l, 4*c + 18 = t. Calculate the remainder when (196/20 - 10) + 192/60 is divided by t.
1
Calculate the remainder when 24/(-2)*(-1100)/30 is divided by 17.
15
Let u(t) = t + 4. What is the remainder when ((-4640)/12)/(-10)*(-6)/(-4) is divided by u(11)?
13
Let n(u) = 1 - 2 + u**2 + 7*u**3 - 13*u**3 + u. Let p be n(-1). Suppose -p*h = -x - 1, 0*h - 20 = -4*x - 4*h. Calculate the remainder when 11 is divided by x.
3
Let a(h) = -2*h**3 - 9*h**2 - 2*h - 73. What is the remainder when a(-7) is divided by 52?
30
Suppose 5*z + 5*s = 58 + 7, 0 = -2*z - s + 29. What is the remainder when z is divided by 3?
1
Suppose 0 = 2*j - 10. Suppose -2*k - 7 = -5*c, -4*k - j = -c - 0*c. Suppose -d + 2 = -c. Calculate the remainder when 8 is divided by d.
2
Let t(i) = i**2 - 8*i - 6. Let z be t(8). Let l = z + 10. Suppose l*m = 3*m + 2, -3*f + m = -25. Calculate the remainder when 34 is divided by f.
7
Let u(t) = t**3 + 12*t**2 - 15*t - 16. Let q = -102 + 89. What is the remainder when 25 is divided by u(q)?
5
Let x = 91 - 87. Calculate the remainder when 9 is divided by x.
1
Suppose -s + 2*s - 5*r = 15, -4*s = -3*r - 145. Let b = -20 + s. Suppose 0 = -6*u + u - 4*v + b, -3*u = v - 19. What is the remainder when 39 is divided by u?
7
Suppose 18 + 5 = n. Let a = -32 + n. Let b = a - -20. What is the remainder when b is divided by 7?
4
Let z = -13 + 15. Suppose -z*x = -43 - 71. Let q = x + -25. What is the remainder when q is divided by 17?
15
What is the remainder when 101 is divided by (-240)/540 + (-193)/(-9)?
17
Let w(u) = u**2 + 7*u - 39. What is the remainder when 11 is divided by w(4)?
1
Suppose 6*w - 3*w + 5*d + 15 = 0, 5 = -w - d. Let m = w + 13. Calculate the remainder when 23 is divided by m.
7
Suppose 324 = 28*p - 208. What is the remainder when p is divided by (-8)/(-10)*1*5?
3
Suppose -t + 10 = 2*a - 38, -5*a = -5*t - 150. What is the remainder when 258 is divided by a?
24
Let j = 30 + -20. Suppose s - j = -5*i + 50, -i - 3*s = -26. Calculate the remainder when 54 is divided by i.
10
Let h(t) be the second derivative of -t**4/6 + 2*t**3/3 - 5*t**2/2 - 14*t. Let k be h(2). What is the remainder when 6 + -1*(-5)/k is divided by 3?
2
Let w = -1375 + 1493. Calculate the remainder when w is divided by 42.
34
Let i = -1022 + 1